{"id":102,"date":"2017-01-25T15:40:52","date_gmt":"2017-01-25T15:40:52","guid":{"rendered":"http:\/\/disseny-test.uoc.edu\/recursos\/tipo\/?page_id=102"},"modified":"2021-09-09T14:57:04","modified_gmt":"2021-09-09T14:57:04","slug":"1-lletres-7","status":"publish","type":"page","link":"http:\/\/disseny-test.uoc.edu\/recursos\/tipo\/1-lletres-7\/","title":{"rendered":"1. Lletres"},"content":{"rendered":"<p><\/p>\n<h3><strong>1.6. Anatomia del tipus<\/strong><\/h3>\n<h4><strong>1.6.2. L\u00ednies de refer\u00e8ncia<\/strong><\/h4>\n<p>La <strong>l\u00ednia base<\/strong> (4 a la figura 21) \u00e9s el punt de partida sobre el qual jeu el cos principal dels car\u00e0cters. La <strong>l\u00ednia mitjana<\/strong> (3 a la figura 21) delimita l\u2019al\u00e7\u00e0ria de les min\u00fascules i tamb\u00e9 es coneix com <strong>al\u00e7\u00e0ria de la x<\/strong> o <strong>ull mitj\u00e0<\/strong> (6 a la figura 21). Per damunt d\u2019aquestes dues l\u00ednies hi ha la l\u00ednia d\u2019<strong>al\u00e7\u00e0ria de maj\u00fascules<\/strong> (2 a la figura 21) i la <strong>l\u00ednia d\u2019ascendents<\/strong> (1 a la figura 21), que en algunes fam\u00edlies coincideixen i en altres no. Finalment, tamb\u00e9 tenim la <strong>l\u00ednia de descendents<\/strong> (5 a la figura 21), que no necess\u00e0riament ha de guardar una relaci\u00f3 de simetria amb la l\u00ednia d\u2019ascendents.<\/p>\n<div id=\"attachment_22\" style=\"width: 460px\" class=\"wp-caption alignnone\"><img aria-describedby=\"caption-attachment-22\" loading=\"lazy\" class=\"img-responsive wp-image-22 size-full\" src=\"http:\/\/disseny-test.uoc.edu\/recursos\/tipo\/wp-content\/uploads\/sites\/18\/2017\/01\/1.6.2.linies-referencia.png\" alt=\"Figura 16. Tipografia: Futura Heavy\" width=\"450\" height=\"165\" srcset=\"http:\/\/disseny-test.uoc.edu\/recursos\/tipo\/wp-content\/uploads\/sites\/18\/2017\/01\/1.6.2.linies-referencia.png 450w, http:\/\/disseny-test.uoc.edu\/recursos\/tipo\/wp-content\/uploads\/sites\/18\/2017\/01\/1.6.2.linies-referencia-300x110.png 300w\" sizes=\"(max-width: 450px) 100vw, 450px\" \/><p id=\"caption-attachment-22\" class=\"wp-caption-text\">Figura 21. Tipografia: Futura Heavy<\/p><\/div>\n<p>&nbsp;<\/p>\n<h4><strong>Conclusions<\/strong><\/h4>\n<p>Les l\u00ednies de refer\u00e8ncia d\u2019una tipografia marquen els l\u00edmits sobre els quals descansen els car\u00e0cters. El joc de dist\u00e0ncies entre les l\u00ednies de refer\u00e8ncia determinen en gran mesura l\u2019aspecte final d\u2019una fam\u00edlia.<\/p>","protected":false},"excerpt":{"rendered":"<p>1.6. Anatomia del tipus 1.6.2. L\u00ednies de refer\u00e8ncia La l\u00ednia base (4 a la figura 21) \u00e9s el punt de partida sobre el qual jeu el cos principal dels car\u00e0cters. La l\u00ednia mitjana (3 a la figura 21) delimita l\u2019al\u00e7\u00e0ria de les min\u00fascules i tamb\u00e9 es coneix com al\u00e7\u00e0ria de la x o ull mitj\u00e0 [&hellip;]<\/p>\n","protected":false},"author":1,"featured_media":0,"parent":0,"menu_order":0,"comment_status":"closed","ping_status":"closed","template":"","meta":[],"acf":[],"_links":{"self":[{"href":"http:\/\/disseny-test.uoc.edu\/recursos\/tipo\/wp-json\/wp\/v2\/pages\/102"}],"collection":[{"href":"http:\/\/disseny-test.uoc.edu\/recursos\/tipo\/wp-json\/wp\/v2\/pages"}],"about":[{"href":"http:\/\/disseny-test.uoc.edu\/recursos\/tipo\/wp-json\/wp\/v2\/types\/page"}],"author":[{"embeddable":true,"href":"http:\/\/disseny-test.uoc.edu\/recursos\/tipo\/wp-json\/wp\/v2\/users\/1"}],"replies":[{"embeddable":true,"href":"http:\/\/disseny-test.uoc.edu\/recursos\/tipo\/wp-json\/wp\/v2\/comments?post=102"}],"version-history":[{"count":19,"href":"http:\/\/disseny-test.uoc.edu\/recursos\/tipo\/wp-json\/wp\/v2\/pages\/102\/revisions"}],"predecessor-version":[{"id":968,"href":"http:\/\/disseny-test.uoc.edu\/recursos\/tipo\/wp-json\/wp\/v2\/pages\/102\/revisions\/968"}],"wp:attachment":[{"href":"http:\/\/disseny-test.uoc.edu\/recursos\/tipo\/wp-json\/wp\/v2\/media?parent=102"}],"curies":[{"name":"wp","href":"https:\/\/api.w.org\/{rel}","templated":true}]}}